{"id":9,"date":"2025-03-16T21:05:27","date_gmt":"2025-03-16T20:05:27","guid":{"rendered":"http:\/\/san-peire-issambres.fr\/?page_id=9"},"modified":"2026-01-26T13:02:39","modified_gmt":"2026-01-26T12:02:39","slug":"ici-tout-est-inclus","status":"publish","type":"page","link":"https:\/\/san-peire-issambres.fr\/?page_id=9","title":{"rendered":"Tarifs &#038; R\u00e9servation"},"content":{"rendered":"\n<div style=\"height:20px\" aria-hidden=\"true\" class=\"wp-block-spacer\"><\/div>\n\n\n\n<ul id=\"services\" class=\"wp-block-list\">\n<li>Ici tout est inclus&#8230;<\/li>\n\n\n\n<li><em>Accueil au pied de la R\u00e9sidence<\/em><\/li>\n\n\n\n<li><em>Linge de Lit<\/em><\/li>\n\n\n\n<li>Lits faits \u00e0 l&#8217;arriv\u00e9e<\/li>\n\n\n\n<li><em>Linge de Bain<\/em><\/li>\n\n\n\n<li><em>Linge de Cuisine<\/em><\/li>\n\n\n\n<li><em>Kit de bienvenue<\/em>**<\/li>\n\n\n\n<li><em>Garage \/ Parking dans la r\u00e9sidence<\/em><\/li>\n\n\n\n<li><em>M\u00e9nage de fin de s\u00e9jou<\/em>r<\/li>\n\n\n\n<li><em>Service de Conciergerie<\/em><\/li>\n\n\n\n<li><em>Frais de r\u00e9servation<\/em><\/li>\n\n\n\n<li><em>Taxe de s\u00e9jou<\/em>r*<\/li>\n<\/ul>\n\n\n\n<div style=\"height:50px\" aria-hidden=\"true\" class=\"wp-block-spacer\"><\/div>\n\n\n\n<hr>\n\n\n\n\n\n\n\n<div style=\"height:50px\" aria-hidden=\"true\" class=\"wp-block-spacer\"><\/div>\n\n\n\n<p class=\"has-text-align-center has-vivid-red-color has-text-color has-large-font-size\"><\/p>\n\n\n\n\n\n\n\n<p class=\"has-text-align-center has-vivid-green-cyan-color has-text-color has-large-font-size\"><strong>EARLY BOOKING Et\u00e9 2026: -12%<\/strong><\/p>\n\n\n\n<p class=\"has-text-align-center has-large-font-size\"><strong>F\u00e9vrier<\/strong><\/p>\n\n\n\n<figure class=\"wp-block-table aligncenter is-style-stripes\"><table class=\"has-text-color\" style=\"color:#5b5a5a\"><thead><tr><th class=\"has-text-align-center\" data-align=\"center\">31 au 07<\/th><th class=\"has-text-align-center\" data-align=\"center\">07 au 14<\/th><th class=\"has-text-align-center\" data-align=\"center\">14 au 21<\/th><th class=\"has-text-align-center\" data-align=\"center\">21 au 28<\/th><\/tr><\/thead><tbody><tr><td class=\"has-text-align-center\" data-align=\"center\"><em><s>&#8211;<\/s><\/em><br><strong><em>&#8211;<\/em><\/strong><\/td><td class=\"has-text-align-center\" data-align=\"center\"><em><em><s>619<\/s><\/em> \u20ac<br><\/em><strong>545 \u20ac<\/strong><\/td><td class=\"has-text-align-center\" data-align=\"center\"><em><em><s>677<\/s><\/em> \u20ac<br><\/em><strong>595 \u20ac<\/strong><\/td><td class=\"has-text-align-center\" data-align=\"center\"><em><s>679 \u20ac<\/s><br><\/em><strong>598 \u20ac<\/strong><\/td><\/tr><\/tbody><\/table><\/figure>\n\n\n\n<p class=\"has-text-align-center has-large-font-size\"><\/p>\n\n\n\n<div style=\"height:50px\" aria-hidden=\"true\" class=\"wp-block-spacer\"><\/div>\n\n\n\n<p class=\"has-text-align-center has-large-font-size\"><strong>Mars<\/strong><\/p>\n\n\n\n<figure class=\"wp-block-table aligncenter is-style-stripes\"><table class=\"has-text-color\" style=\"color:#5b5a5a\"><thead><tr><th class=\"has-text-align-center\" data-align=\"center\">28 au 07<\/th><th class=\"has-text-align-center\" data-align=\"center\">07 au 14<\/th><th class=\"has-text-align-center\" data-align=\"center\">14 au 21<\/th><th class=\"has-text-align-center\" data-align=\"center\">21 au 28<\/th><\/tr><\/thead><tbody><tr><td class=\"has-text-align-center\" data-align=\"center\"><em><s>639 \u20ac<\/s><\/em><br><strong>563 \u20ac<\/strong><\/td><td class=\"has-text-align-center\" data-align=\"center\"><em><s>627 \u20ac<\/s><br><\/em><strong>552 \u20ac<\/strong><\/td><td class=\"has-text-align-center\" data-align=\"center\"><s><em>627 \u20ac<\/em><\/s><em><br><\/em><strong>552 \u20ac<\/strong><\/td><td class=\"has-text-align-center\" data-align=\"center\"><em><em><s>631 \u20ac<\/s><\/em><br><\/em><strong>555 \u20ac<\/strong><\/td><\/tr><\/tbody><\/table><\/figure>\n\n\n\n<p class=\"has-text-align-center has-large-font-size\"><\/p>\n\n\n\n<div style=\"height:50px\" aria-hidden=\"true\" class=\"wp-block-spacer\"><\/div>\n\n\n\n<p class=\"has-text-align-center has-large-font-size\"><strong>Avril<\/strong><\/p>\n\n\n\n<figure class=\"wp-block-table aligncenter is-style-stripes\"><table class=\"has-text-color\" style=\"color:#5b5a5a\"><thead><tr><th class=\"has-text-align-center\" data-align=\"center\">28 au 04<\/th><th class=\"has-text-align-center\" data-align=\"center\">04 au 11<\/th><th class=\"has-text-align-center\" data-align=\"center\">11 au 18<\/th><th class=\"has-text-align-center\" data-align=\"center\">18 au 25<\/th><th>25 au 02<\/th><\/tr><\/thead><tbody><tr><td class=\"has-text-align-center\" data-align=\"center\"><em><em><s>715 \u20ac<\/s><\/em><br><\/em><strong>629 \u20ac<\/strong><\/td><td class=\"has-text-align-center\" data-align=\"center\"><em><em><em><s>814 \u20ac<\/s><\/em><br><\/em><\/em><strong>716 \u20ac<\/strong><\/td><td class=\"has-text-align-center\" data-align=\"center\"><em><s>813 \u20ac<\/s><em><br><\/em><\/em><strong>716 \u20ac<\/strong><\/td><td class=\"has-text-align-center\" data-align=\"center\"><em><s>823 \u20ac<\/s><em><em><em><s><em><em><em><em><s><em><em><em><s><em><em><br><\/em><\/em><\/s><\/em><\/em><\/em><\/s><\/em><\/em><\/em><\/em><\/s><\/em><\/em><\/em><\/em><strong>724 \u20ac<\/strong><\/td><td><em><s>794 \u20ac<\/s><em><em><em><s><em><em><em><em><s><em><em><em><s><em><em><br><\/em><\/em><\/s><\/em><\/em><\/em><\/s><\/em><\/em><\/em><\/em><\/s><\/em><\/em><\/em><\/em><strong>698 \u20ac<\/strong><\/td><\/tr><\/tbody><\/table><\/figure>\n\n\n\n<p class=\"has-text-align-center has-large-font-size\"><\/p>\n\n\n\n<div style=\"height:50px\" aria-hidden=\"true\" class=\"wp-block-spacer\"><\/div>\n\n\n\n<p class=\"has-text-align-center has-large-font-size\"><strong>Mai<\/strong><\/p>\n\n\n\n<figure class=\"wp-block-table aligncenter is-style-stripes\"><table class=\"has-text-color\" style=\"color:#5b5a5a\"><thead><tr><th class=\"has-text-align-center\" data-align=\"center\">02 au 09<\/th><th class=\"has-text-align-center\" data-align=\"center\">09 au 16<\/th><th class=\"has-text-align-center\" data-align=\"center\">16 au 23<\/th><th class=\"has-text-align-center\" data-align=\"center\">23 au 30<\/th><\/tr><\/thead><tbody><tr><td class=\"has-text-align-center\" data-align=\"center\"><s><em>770 \u20ac<\/em><\/s><br><strong>678 \u20ac<\/strong><\/td><td class=\"has-text-align-center\" data-align=\"center\"><em><em><s>1076 \u20ac<\/s><\/em><br><\/em><strong>947 \u20ac<\/strong><\/td><td class=\"has-text-align-center\" data-align=\"center\"><em><s>1012 \u20ac<\/s><br><\/em><strong>891 \u20ac<\/strong><\/td><td class=\"has-text-align-center\" data-align=\"center\"><em><em><s>1091 \u20ac<\/s><\/em><br><\/em><strong>960 \u20ac<\/strong><\/td><\/tr><\/tbody><\/table><\/figure>\n\n\n\n<p class=\"has-text-align-center has-large-font-size\"><\/p>\n\n\n\n<div style=\"height:50px\" aria-hidden=\"true\" class=\"wp-block-spacer\"><\/div>\n\n\n\n<p class=\"has-text-align-center has-large-font-size\"><strong>Juin<\/strong><\/p>\n\n\n\n<figure class=\"wp-block-table aligncenter is-style-stripes\"><table class=\"has-text-color\" style=\"color:#5b5a5a\"><thead><tr><th class=\"has-text-align-center\" data-align=\"center\">30 au 06<\/th><th class=\"has-text-align-center\" data-align=\"center\">06 au 13<\/th><th class=\"has-text-align-center\" data-align=\"center\">13 au 20<\/th><th class=\"has-text-align-center\" data-align=\"center\">20 au 27<\/th><\/tr><\/thead><tbody><tr><td class=\"has-text-align-center\" data-align=\"center\"><em><s>1125 \u20ac<\/s><\/em><br><strong>990 \u20ac<\/strong><\/td><td class=\"has-text-align-center\" data-align=\"center\"><em><s>1234 \u20ac<\/s><br><\/em><strong>1086 \u20ac<\/strong><\/td><td class=\"has-text-align-center\" data-align=\"center\"><em><s>1513 \u20ac<\/s><br><\/em><strong>1332 \u20ac<\/strong><\/td><td class=\"has-text-align-center\" data-align=\"center\"><em><em><s>1534 \u20ac<\/s><\/em><br><\/em><strong>1350 \u20ac<\/strong><\/td><\/tr><\/tbody><\/table><\/figure>\n\n\n\n<div style=\"height:50px\" aria-hidden=\"true\" class=\"wp-block-spacer\"><\/div>\n\n\n\n<p class=\"has-text-align-center has-large-font-size\"><strong>Juillet<\/strong><\/p>\n\n\n\n<figure class=\"wp-block-table aligncenter is-style-stripes\"><table class=\"has-text-color\" style=\"color:#5b5a5a\"><thead><tr><th class=\"has-text-align-center\" data-align=\"center\">27 au 04<\/th><th class=\"has-text-align-center\" data-align=\"center\">04 au 11<\/th><th class=\"has-text-align-center\" data-align=\"center\">11 au 18<\/th><th class=\"has-text-align-center\" data-align=\"center\">18 au 25<\/th><th>25 au 01<\/th><\/tr><\/thead><tbody><tr><td class=\"has-text-align-center\" data-align=\"center\"><em><em><s>1609 \u20ac<\/s><\/em><br><\/em><strong>1416 \u20ac<\/strong><\/td><td class=\"has-text-align-center\" data-align=\"center\"><em><em><em><s>2064 \u20ac<\/s><\/em><br><\/em><\/em><strong>1816 \u20ac<\/strong><\/td><td class=\"has-text-align-center\" data-align=\"center\"><em><s>2358 \u20ac<\/s><em><br><\/em><\/em><strong>2075 \u20ac<\/strong><\/td><td class=\"has-text-align-center\" data-align=\"center\"><em><s>2498 \u20ac<\/s><em><em><em><s><em><em><em><em><s><em><em><em><s><em><em><br><\/em><\/em><\/s><\/em><\/em><\/em><\/s><\/em><\/em><\/em><\/em><\/s><\/em><\/em><\/em><\/em><strong>2198 \u20ac<\/strong><\/td><td><em><s>2645 \u20ac<\/s><em><em><em><s><em><em><em><em><s><em><em><em><s><em><em><br><\/em><\/em><\/s><\/em><\/em><\/em><\/s><\/em><\/em><\/em><\/em><\/s><\/em><\/em><\/em><\/em><strong>2328 \u20ac<\/strong><\/td><\/tr><\/tbody><\/table><\/figure>\n\n\n\n<div style=\"height:50px\" aria-hidden=\"true\" class=\"wp-block-spacer\"><\/div>\n\n\n\n<p class=\"has-text-align-center has-large-font-size\"><strong>Ao\u00fbt<\/strong><\/p>\n\n\n\n<figure class=\"wp-block-table aligncenter is-style-stripes\"><table class=\"has-text-color\" style=\"color:#5b5a5a\"><thead><tr><th class=\"has-text-align-center\" data-align=\"center\">01 au 08<\/th><th class=\"has-text-align-center\" data-align=\"center\">08 au 15<\/th><th class=\"has-text-align-center\" data-align=\"center\">15 au 22<\/th><th class=\"has-text-align-center\" data-align=\"center\">22 au 29<\/th><\/tr><\/thead><tbody><tr><td class=\"has-text-align-center\" data-align=\"center\"><em><s>2803 \u20ac<\/s><em><em><br><\/em><\/em><\/em><strong>2466 \u20ac<\/strong><\/td><td class=\"has-text-align-center\" data-align=\"center\"><em><s>2803 \u20ac<\/s><em><em><em><br><\/em><\/em><\/em><\/em><strong>2466 \u20ac<\/strong><\/td><td class=\"has-text-align-center\" data-align=\"center\"><em><em><em><s>2484 \u20ac<\/s><br><\/em><\/em><\/em><strong>2186 \u20ac<\/strong><\/td><td class=\"has-text-align-center\" data-align=\"center\"><em><em><em><s>1822 \u20ac<\/s><br><\/em><\/em><\/em><strong>1604 \u20ac<\/strong><\/td><\/tr><\/tbody><\/table><\/figure>\n\n\n\n<div style=\"height:50px\" aria-hidden=\"true\" class=\"wp-block-spacer\"><\/div>\n\n\n\n<p class=\"has-text-align-center has-large-font-size\"><strong>Septembre<\/strong><\/p>\n\n\n\n<figure class=\"wp-block-table aligncenter is-style-stripes\"><table class=\"has-text-color\" style=\"color:#5b5a5a\"><thead><tr><th class=\"has-text-align-center\" data-align=\"center\">29 au 05<\/th><th class=\"has-text-align-center\" data-align=\"center\">05 au 12<\/th><th class=\"has-text-align-center\" data-align=\"center\">12 au 19<\/th><th class=\"has-text-align-center\" data-align=\"center\">19 au 26<\/th><th>26 au 03<\/th><\/tr><\/thead><tbody><tr><td class=\"has-text-align-center\" data-align=\"center\"><em><em><s>1366 \u20ac<\/s><\/em><br><\/em><strong>1202 \u20ac<\/strong><\/td><td class=\"has-text-align-center\" data-align=\"center\"><em><em><em><s>1331 \u20ac<\/s><\/em><br><\/em><\/em><strong>1171 \u20ac<\/strong><\/td><td class=\"has-text-align-center\" data-align=\"center\"><em><s>1079 <em>\u20ac<\/em><\/s><em><br><\/em><\/em><strong>950 \u20ac<\/strong><\/td><td class=\"has-text-align-center\" data-align=\"center\"><s><em>977 \u20ac<\/em><\/s><em><em><em><em><s><em><em><em><em><s><em><em><em><s><em><em><br><\/em><\/em><\/s><\/em><\/em><\/em><\/s><\/em><\/em><\/em><\/em><\/s><\/em><\/em><\/em><\/em><strong>860 \u20ac<\/strong><\/td><td><em><em><em><em><s><em><em><em><em><s><em><em><em><s><em><em>817 \u20ac<br><\/em><\/em><\/s><\/em><\/em><\/em><\/s><\/em><\/em><\/em><\/em><\/s><\/em><\/em><\/em><\/em><strong>719 \u20ac<\/strong><\/td><\/tr><\/tbody><\/table><\/figure>\n\n\n\n<div style=\"height:50px\" aria-hidden=\"true\" class=\"wp-block-spacer\"><\/div>\n\n\n\n<p class=\"has-text-align-center has-large-font-size\"><strong>Octobre<\/strong><\/p>\n\n\n\n<figure class=\"wp-block-table aligncenter is-style-stripes\"><table class=\"has-text-color\" style=\"color:#5b5a5a\"><thead><tr><th class=\"has-text-align-center\" data-align=\"center\">03 au 10<\/th><th class=\"has-text-align-center\" data-align=\"center\">10 au 17<\/th><th class=\"has-text-align-center\" data-align=\"center\">17 au 24<\/th><th class=\"has-text-align-center\" data-align=\"center\">24 au 31<\/th><\/tr><\/thead><tbody><tr><td class=\"has-text-align-center\" data-align=\"center\"><em><em><em><em><s>714 \u20ac<\/s><\/em><br><\/em><\/em><\/em><strong>628 \u20ac<\/strong><\/td><td class=\"has-text-align-center\" data-align=\"center\"><em><em><em><em><em><s>696 \u20ac<\/s><\/em><br><\/em><\/em><\/em><\/em><strong>612 \u20ac<\/strong><\/td><td class=\"has-text-align-center\" data-align=\"center\"><em><em><em><em><s>858 \u20ac<\/s><\/em><br><\/em><\/em><\/em><strong>755 \u20ac<\/strong><\/td><td class=\"has-text-align-center\" data-align=\"center\"><em><em><em><em><s>858 \u20ac<\/s><\/em><br><\/em><\/em><\/em><strong>755 \u20ac<\/strong><\/td><\/tr><\/tbody><\/table><\/figure>\n\n\n\n<p class=\"has-text-align-center has-large-font-size\"><\/p>\n\n\n\n<div style=\"height:50px\" aria-hidden=\"true\" class=\"wp-block-spacer\"><\/div>\n\n\n\n<p class=\"has-text-align-center has-large-font-size\"><strong>Novembre<\/strong><\/p>\n\n\n\n<figure class=\"wp-block-table aligncenter is-style-stripes\"><table class=\"has-text-color\" style=\"color:#5b5a5a\"><thead><tr><th class=\"has-text-align-center\" data-align=\"center\">31 au 07<\/th><th class=\"has-text-align-center\" data-align=\"center\">07 au 14<\/th><th class=\"has-text-align-center\" data-align=\"center\">14 au 21<\/th><th class=\"has-text-align-center\" data-align=\"center\">21 au 28<\/th><\/tr><\/thead><tbody><tr><td class=\"has-text-align-center\" data-align=\"center\"><em><em><em><em><s>650 \u20ac<\/s><\/em><br><\/em><\/em><\/em><strong>572 \u20ac<\/strong><\/td><td class=\"has-text-align-center\" data-align=\"center\"><em><em><em><em><em><s>619 \u20ac<\/s><\/em><br><\/em><\/em><\/em><\/em><strong>545 \u20ac<\/strong><\/td><td class=\"has-text-align-center\" data-align=\"center\"><em><em><em><em><s>619 \u20ac<\/s><\/em><br><\/em><\/em><\/em><strong>545 \u20ac<\/strong><\/td><td class=\"has-text-align-center\" data-align=\"center\"><em><em><em><em><s>619 \u20ac<\/s><\/em><br><\/em><\/em><\/em><strong>545 \u20ac<\/strong><\/td><\/tr><\/tbody><\/table><\/figure>\n\n\n\n<p class=\"has-text-align-center\"><em>R\u00e9servations pour 2027 et autres dates => nous consulter<\/em><\/p>\n\n\n\n\n\n\n\n<div style=\"height:50px\" aria-hidden=\"true\" class=\"wp-block-spacer\"><\/div>\n\n\n\n\n\n\n\n\n\n<p class=\"has-text-align-center has-medium-font-size\" id=\"r\u00e9servation\"><strong>R\u00e9servation<\/strong><\/p>\n\n\n\n<div style=\"height:20px\" aria-hidden=\"true\" class=\"wp-block-spacer\"><\/div>\n\n\n\n<div class=\"wp-block-booking-booking\"> <div id=\"form_id403056106120\" class=\"wpbc_container wpbc_form wpbc_container_booking_form \" ><form id=\"booking_form1\" class=\"booking_form vertical\" method=\"post\" action=\"\"><div id=\"ajax_respond_insert1\" class=\"ajax_respond_insert\" style=\"display:none;\"><\/div><a name=\"bklnk1\" id=\"bklnk1\"><\/a><div id=\"booking_form_div1\" class=\"booking_form_div\"><style type=\"text\/css\">.wpbc_container_booking_form .block_hints, .wpbc_booking_form_simple.wpbc_form_center .wpbc__form__div .wpbc__row.wpbc_r_calendar, .wpbc_booking_form_simple .wpbc__form__div .wpbc__row:not(.wpbc_r_calendar){max-width:440px;} <\/style>\n<div class=\"wpbc_booking_form_simple \">\n<div class=\"wpbc__row\">\n  <div class=\"wpbc__field\">\n    <div class=\"wpbc_calendar_wraper wpbc_change_over_triangle\"><div class=\"wpbc_cal_container bk_calendar_frame wpbc_no_custom_width  months_num_in_row_ cal_month_num_1\" style=\"\"><div id=\"calendar_booking1\"  class=\"wpbc_calendar_id_1\" >\t<div class=\"calendar_loader_frame calendar_loader_frame1\"\r\n\t\tdata-wpbc-rid=\"1\"\r\n\t\tdata-wpbc-grace=\"8000\"\r\n\t\tstyle=\"--wpbc-loader-cols: 1;\"\r\n\t>\r\n\t\t<div class=\"calendar_loader_text\">Loading...<\/div>\r\n\t\t<div class=\"calendar_loader_frame__progress_line_container\">\r\n\t\t\t<div class=\"calendar_loader_frame__progress_line\"><\/div>\r\n\t\t<\/div>\r\n\t<\/div>\r\n\t<\/div><\/div><div style=\"font-size:7px;text-align:left;margin:0 0 10px;text-shadow: none;\">Powered by <a href=\"https:\/\/wpbookingcalendar.com\" style=\"font-size:7px;\" target=\"_blank\" title=\"Booking Calendar plugin for WordPress\">Booking Calendar<\/a><\/div><textarea id=\"date_booking1\" name=\"date_booking1\" autocomplete=\"off\" style=\"display:none;\"><\/textarea><div class=\"block_hints datepick \"><div class=\"wpdev_hint_with_text\"><div class=\"\"><div class=\"datepick-inline wpbc_calendar_legend_table_width_height\"><table class=\"datepick wpbc_calendar\" style=\"\"><tbody><tr><td class=\"datepick-days-cell date_available wpbc_calendar_legend_day_cell_height\"><div class=\"wpbc-cell-box\">\t<div class=\"date-cell-content\">\t\t<div class=\"date-content-top\"><\/div>\t\t<a>07<\/a>\t\t<div class=\"date-content-bottom\"><\/div>\t<\/div><\/div><\/td><\/tr><\/tbody><\/table><\/div><\/div><div class=\"block_text\">- <\/div><div class=\"block_text\">Disponible<\/div><\/div><div class=\"wpdev_hint_with_text\"><div class=\"\"><div class=\"datepick-inline wpbc_calendar_legend_table_width_height\"><table class=\"datepick wpbc_calendar\" style=\"\"><tbody><tr><td class=\"datepick-days-cell datepick-unselectable date_user_unavailable full_day_booking date_approved wpbc_calendar_legend_day_cell_height\"><div class=\"wpbc-cell-box\">\t<div class=\"date-cell-content\">\t\t<div class=\"date-content-top\"><\/div>\t\t<span>07<\/span>\t\t<div class=\"date-content-bottom\"><\/div>\t<\/div><\/div><\/td><\/tr><\/tbody><\/table><\/div><\/div><div class=\"block_text\">- <\/div><div class=\"block_text\">R\u00e9serv\u00e9<\/div><\/div><div class=\"wpdev_hint_with_text\"><div class=\"\"><div class=\"datepick-inline wpbc_calendar_legend_table_width_height\"><table class=\"datepick wpbc_calendar\" style=\"\"><tbody><tr><td class=\"datepick-days-cell datepick-unselectable date_user_unavailable full_day_booking date2approve wpbc_calendar_legend_day_cell_height\"><div class=\"wpbc-cell-box\">\t<div class=\"date-cell-content\">\t\t<div class=\"date-content-top\"><\/div>\t\t<span>07<\/span>\t\t<div class=\"date-content-bottom\"><\/div>\t<\/div><\/div><\/td><\/tr><\/tbody><\/table><\/div><\/div><div class=\"block_text\">- <\/div><div class=\"block_text\">En attente<\/div><\/div><\/div><\/div>\n  <\/div>\n  <div class=\"wpbc__field\">\n<div class=\"wpbc__form__div\">\n\t\t\t<div class=\"wpbc__row\">\n\t\t\t\t<div class=\"wpbc_r_name wpbc__field\"> <label>First Name*<\/label><br><span class=\"wpbc_wrap_text wpdev-form-control-wrap name1\"><input type=\"text\" name=\"name1\" value=\"\" autocomplete=\"name\" class=\"wpdev-validates-as-required\" size=\"40\" \/><\/span> <\/div>\n\t\t\t<\/div>\n\t\t\t<div class=\"wpbc__row\">\n\t\t\t\t<div class=\"wpbc_r_secondname wpbc__field\"> <label>Last Name*<\/label><br><span class=\"wpbc_wrap_text wpdev-form-control-wrap secondname1\"><input type=\"text\" name=\"secondname1\" value=\"\" autocomplete=\"secondname\" class=\"wpdev-validates-as-required\" size=\"40\" \/><\/span> <\/div>\n\t\t\t<\/div>\n\t\t\t<div class=\"wpbc__row\">\n\t\t\t\t<div class=\"wpbc_r_email wpbc__field\"> <label>Email*<\/label><br><span class=\"wpbc_wrap_text wpdev-form-control-wrap email1\"><input type=\"email\" name=\"email1\" value=\"\" autocomplete=\"email\" class=\"wpdev-validates-as-email wpdev-validates-as-required\" size=\"40\" \/><\/span> <\/div>\n\t\t\t<\/div>\n\t\t\t<div class=\"wpbc__row\">\n\t\t\t\t<div class=\"wpbc_r_phone wpbc__field\"> <label>Phone<\/label><br><span class=\"wpbc_wrap_text wpdev-form-control-wrap phone1\"><input type=\"text\" name=\"phone1\" value=\"\" autocomplete=\"phone\" size=\"40\" \/><\/span> <\/div>\n\t\t\t<\/div>\n\t\t\t<div class=\"wpbc__row\">\n\t\t\t\t<div class=\"wpbc_r_details wpbc__field\"> <label>Details<\/label><br><span class=\"wpbc_wrap_textarea wpdev-form-control-wrap details1\"><textarea name=\"details1\" autocomplete=\"details\"><\/textarea><\/span> <\/div>\n\t\t\t<\/div>\n\t\t\t<div class=\"wpbc__row\">\n\t\t\t\t<div class=\"wpbc_r_submit wpbc__field\"><input type=\"button\" value=\"Envoyer\" class=\"wpbc_button_light  btn btn\" onclick=\"wpbc_booking_form_submit(this.form,1, 'en_US');\" \/> <\/div>\n\t\t\t<\/div>\n<\/div>\n\t<\/div>\n\t<\/div>\n<\/div><input id=\"bk_type1\" name=\"bk_type1\" class=\"\" type=\"hidden\" value=\"1\" \/><\/div><div id=\"submiting1\"><\/div><div class=\"form_bk_messages\" id=\"form_bk_messages1\" ><\/div><input type=\"hidden\" id=\"wpbc_nonceCALCULATE_THE_COST1\" name=\"wpbc_nonceCALCULATE_THE_COST1\" value=\"5abc54def5\" \/><input type=\"hidden\" name=\"_wp_http_referer\" value=\"\/index.php?rest_route=%2Fwp%2Fv2%2Fpages%2F9\" \/><\/form><\/div><div id=\"booking_form_garbage1\" class=\"booking_form_garbage\"><\/div> <\/div>\n\n\n\n\n\n\n\n<p class=\"has-text-align-center has-medium-font-size\" id=\"modalit\u00e9\"><strong>Modalit\u00e9s de Paiement<\/strong><\/p>\n\n\n\n\n\n\n\n<p>Versement de 50% \u00e0 la r\u00e9servation <em>(arrhes puis acompte \u00e0 60 jours du d\u00e9but du s\u00e9jour).<\/em><\/p>\n\n\n\n<p>Versement du  solde au plus tard 30 jours avant l\u2019arriv\u00e9e.<\/p>\n\n\n\n<p>R\u00e8glement par ch\u00e8que ou par virement bancaire.<\/p>\n\n\n\n<p>D\u00e9p\u00f4t de garantie de 1500 \u20ac<\/p>\n\n\n\n\n\n\n\n\n\n\n\n\n\n\n\n<p><em>(*)Taxe de s\u00e9jour incluse pour 2 adultes, gratuit pour les enfants<\/em><\/p>\n\n\n\n<p>(**) \u00e9ponge, dosettes lave-vaisselle, dosette liquide vaisselle, dosette d\u00e9tergent, sac poubelle, kit douche, Th\u00e9\/caf\u00e9 et sucrette.<\/p>\n","protected":false},"excerpt":{"rendered":"<p>EARLY BOOKING Et\u00e9 2026: -12% F\u00e9vrier 31 au 07 07 au 14 14 au 21 21 au 28 &#8211;&#8211; 619 \u20ac545 \u20ac 677 \u20ac595 \u20ac 679 \u20ac598 \u20ac Mars 28 au 07 07 au 14 14 au 21 21 au 28 639 \u20ac563 \u20ac 627 &hellip; <\/p>\n","protected":false},"author":1,"featured_media":0,"parent":0,"menu_order":0,"comment_status":"closed","ping_status":"closed","template":"","meta":{"footnotes":""},"class_list":["post-9","page","type-page","status-publish","hentry"],"_links":{"self":[{"href":"https:\/\/san-peire-issambres.fr\/index.php?rest_route=\/wp\/v2\/pages\/9","targetHints":{"allow":["GET"]}}],"collection":[{"href":"https:\/\/san-peire-issambres.fr\/index.php?rest_route=\/wp\/v2\/pages"}],"about":[{"href":"https:\/\/san-peire-issambres.fr\/index.php?rest_route=\/wp\/v2\/types\/page"}],"author":[{"embeddable":true,"href":"https:\/\/san-peire-issambres.fr\/index.php?rest_route=\/wp\/v2\/users\/1"}],"replies":[{"embeddable":true,"href":"https:\/\/san-peire-issambres.fr\/index.php?rest_route=%2Fwp%2Fv2%2Fcomments&post=9"}],"version-history":[{"count":7,"href":"https:\/\/san-peire-issambres.fr\/index.php?rest_route=\/wp\/v2\/pages\/9\/revisions"}],"predecessor-version":[{"id":154,"href":"https:\/\/san-peire-issambres.fr\/index.php?rest_route=\/wp\/v2\/pages\/9\/revisions\/154"}],"wp:attachment":[{"href":"https:\/\/san-peire-issambres.fr\/index.php?rest_route=%2Fwp%2Fv2%2Fmedia&parent=9"}],"curies":[{"name":"wp","href":"https:\/\/api.w.org\/{rel}","templated":true}]}}